{"id":45,"date":"2015-11-24T23:40:43","date_gmt":"2015-11-24T22:40:43","guid":{"rendered":"http:\/\/www.protech-balcony.com\/?page_id=45"},"modified":"2023-11-10T09:53:04","modified_gmt":"2023-11-10T08:53:04","slug":"produs","status":"publish","type":"page","link":"https:\/\/www.protech-balcony.pt\/bloqueio-das-infiltracoes-de-agua-em-terracos-varandas\/","title":{"rendered":"Produto"},"content":{"rendered":"<p>[vc_row row_type=&#8221;row_full_center_content&#8221; margin_top=&#8221;0&#8243; padding_top=&#8221;0&#8243;][vc_column css=&#8221;.vc_custom_1448989235856{padding-right: 15px !important;padding-left: 15px !important;}&#8221;][vc_column_text]Tradicionalmente, o restabelecimento da veda\u00e7\u00e3o imperme\u00e1vel de terra\u00e7os e varandas <strong>cria o recurso a metodologias caras e complexas:<\/strong><\/p>\n<p><strong>Hip\u00f3tese A.<\/strong> Demoli\u00e7\u00e3o do piso e do reboco existente; retirada da bainha de impermeabiliza\u00e7\u00e3o existente; coloca\u00e7\u00e3o de uma nova bainha de impermeabiliza\u00e7\u00e3o; renova\u00e7\u00e3o do reboco de pend\u00eancia e instala\u00e7\u00e3o de um novo piso.<\/p>\n<p><strong>Hip\u00f3tese B.<\/strong> Aplica\u00e7\u00e3o de camadas de impermeabiliza\u00e7\u00e3o de revestimento, realizadas com compostos cimento-pl\u00e1sticos integrados com rede em fibra de vidro \u00e1lcali-resistente e espec\u00edficas barras el\u00e1sticas e sucessivo assentamento de um novo piso.<\/p>\n<p><strong>Hip\u00f3tese C.<\/strong> Aplica\u00e7\u00e3o de bainhas polim\u00e9ricas sobre superf\u00edcies adequadamente lavadas e preparadas. Isto leva a modifica\u00e7\u00e3o radical do aspecto origin\u00e1rio do piso.[\/vc_column_text][\/vc_column][\/vc_row][vc_row row_type=&#8221;row_full_center_content&#8221; bg_image=&#8221;94&#8243; row_parallax=&#8221;false&#8221; padding_top=&#8221;100&#8243; padding_bottom=&#8221;100&#8243;][vc_column][vc_custom_heading text=&#8221;O PROBLEMA<br \/>\n\u00c9 \u00c1GUA PASSADA&#8221; font_container=&#8221;tag:h2|font_size:45px|text_align:center|color:%23ffffff|line_height:56px&#8221; use_theme_fonts=&#8221;yes&#8221;][\/vc_column][\/vc_row][vc_row row_type=&#8221;row_full_center_content&#8221; margin_top=&#8221;0&#8243; padding_top=&#8221;50&#8243;][vc_column][vc_column_text]<strong>PROTECH BALCONY<\/strong> \u00e9 uma solu\u00e7\u00e3o concentrada de resinas silic\u00f3nicas e polim\u00e9ricas org\u00e2nicas catalisadas, de baixa viscose, veiculadas em solventes apolares que determinam a penetra\u00e7\u00e3o profunda. O processo descrito se traduz na forma\u00e7\u00e3o de uma <strong>barreira imperme\u00e1vel interna, difusa, n\u00e3o pelicular, fortemente hidrorrepelente,<\/strong> capaz de cobrir e vedar porosidades e microfissuras at\u00e9 1 mm, sem inibir a transpira\u00e7\u00e3o. <strong>PROTECH BALCONY<\/strong> revoluciona o conceito de impermeabiliza\u00e7\u00e3o de terra\u00e7os e varandas. A sua aplica\u00e7\u00e3o \u00e9 realiz\u00e1vel em tempos extremamente r\u00e1pidos, com a pr\u00e1tica aus\u00eancia de indisponibilidade pois as superf\u00edcies tratadas podem ser utilizadas depois de poucas horas. As fases essenciais podem ser resumidas como segue:[\/vc_column_text][\/vc_column][\/vc_row][vc_row row_type=&#8221;row_full_center_content&#8221; margin_top=&#8221;0&#8243; margin_bottom=&#8221;0&#8243; padding_top=&#8221;0&#8243; padding_bottom=&#8221;0&#8243;][vc_column][vc_row_inner css=&#8221;.vc_custom_1452520432176{margin-top: 0px !important;margin-bottom: 0px !important;padding-top: 0px !important;padding-bottom: 0px !important;background-color: #2d4652 !important;}&#8221; el_class=&#8221;prodottiBoxes&#8221;][vc_column_inner el_class=&#8221;quattroPunti&#8221; width=&#8221;1\/2&#8243; css=&#8221;.vc_custom_1466005071923{padding-top: 25px !important;padding-bottom: 25px !important;}&#8221;][vc_column_text]<img loading=\"lazy\" class=\"alignleft wp-image-495 size-full\" src=\"https:\/\/www.protech-balcony.com\/file\/2016\/01\/prodotto1.png\" alt=\"Impermeabilizzazione balconi e terrazze\" width=\"170\" height=\"170\" srcset=\"https:\/\/www.protech-balcony.it\/file\/2016\/01\/prodotto1.png 170w, https:\/\/www.protech-balcony.it\/file\/2016\/01\/prodotto1-150x150.png 150w\" sizes=\"(max-width: 170px) 100vw, 170px\" \/><\/p>\n<h4>LIMPEZA PROFUNDA DO SUPORTE<\/h4>\n<p style=\"overflow: hidden;\">Diluir o detergente \u00e1cido DETERG-A com uma quantidade de \u00e1gua proporcionada na relev\u00e2ncia das impurezas e das concretiza\u00e7\u00f5es presentes na superf\u00edcie. Derramar a solu\u00e7\u00e3o sobre a superf\u00edcie, distribuindo a mesma melhor com um rodo. Aguardar 15 minutos para a rea\u00e7\u00e3o \u00e1cida, espumosa. Lavar com \u00e1gua abundante.<\/p>\n<p>[\/vc_column_text][\/vc_column_inner][vc_column_inner el_class=&#8221;quattroPunti&#8221; width=&#8221;1\/2&#8243; css=&#8221;.vc_custom_1466005076775{padding-top: 25px !important;padding-bottom: 25px !important;}&#8221;][vc_column_text]<img loading=\"lazy\" class=\"alignleft wp-image-763 size-full\" src=\"https:\/\/www.protech-balcony.com\/file\/2016\/01\/prodotto2-1.png\" alt=\"Impermeabilizzazione balconi e terrazze\" width=\"170\" height=\"170\" \/><\/p>\n<h4>CIMENTA\u00c7\u00c3O DAS FUGAS<\/h4>\n<p style=\"overflow: hidden;\">Fissuras e descontinuidade indicadas com a limpeza dever\u00e3o ser cuidadosamente cobertas com o estuque imperme\u00e1vel especial STUCCO BALCONY, tamb\u00e9m em correspond\u00eancia ao rodap\u00e9 e \u00e0s soleiras. As poss\u00edveis juntas de movimento dever\u00e3o ser tratadas com PROTECH FLEX, a veda\u00e7\u00e3o espec\u00edfica poliuret\u00e2nica em cartucho extrusivo de elevada elasticidade.<\/p>\n<p>[\/vc_column_text][\/vc_column_inner][\/vc_row_inner][vc_row_inner css=&#8221;.vc_custom_1452520353505{padding-top: 0px !important;padding-bottom: 0px !important;background-color: #2d4652 !important;}&#8221; el_class=&#8221;prodottiBoxes&#8221;][vc_column_inner css=&#8221;.vc_custom_1452520492385{padding-right: 50px !important;padding-left: 50px !important;}&#8221; offset=&#8221;vc_hidden-sm vc_hidden-xs&#8221;][vc_separator color=&#8221;custom&#8221; border_width=&#8221;2&#8243; accent_color=&#8221;#677f8a&#8221;][\/vc_column_inner][\/vc_row_inner][vc_row_inner css=&#8221;.vc_custom_1452520439801{margin-top: 0px !important;margin-bottom: 0px !important;padding-top: 0px !important;padding-bottom: 0px !important;background-color: #2d4652 !important;}&#8221; el_class=&#8221;prodottiBoxes&#8221;][vc_column_inner el_class=&#8221;quattroPunti&#8221; width=&#8221;1\/2&#8243; css=&#8221;.vc_custom_1466005082123{padding-top: 25px !important;padding-bottom: 25px !important;}&#8221;][vc_column_text]<img loading=\"lazy\" class=\"alignleft wp-image-493 size-full\" src=\"https:\/\/www.protech-balcony.com\/file\/2016\/01\/prodotto3.png\" alt=\"Impermeabilizzazione balconi e terrazze\" width=\"170\" height=\"170\" srcset=\"https:\/\/www.protech-balcony.it\/file\/2016\/01\/prodotto3.png 170w, https:\/\/www.protech-balcony.it\/file\/2016\/01\/prodotto3-150x150.png 150w\" sizes=\"(max-width: 170px) 100vw, 170px\" \/><\/p>\n<h4>APLICA\u00c7\u00c3O DA SOLU\u00c7\u00c3O DE IMPERMEABILIZA\u00c7\u00c3O<\/h4>\n<p style=\"overflow: hidden;\">Derramar PROTECH BALCONY sobre as \u00e1reas a impermeabilizar, espalhando com um rodo, insistindo principalmente nas fugas entre os azulejos e no rodap\u00e9. Deixar o produto reagir por ao menos uma hora antes de efetuar a prova de alagamento superficial. As opera\u00e7\u00f5es descritas dever\u00e3o ser efetuadas depois do endurecimento das coberturas tratadas no item 2.<\/p>\n<p>[\/vc_column_text][\/vc_column_inner][vc_column_inner el_class=&#8221;quattroPunti&#8221; width=&#8221;1\/2&#8243; css=&#8221;.vc_custom_1466005087638{padding-top: 25px !important;padding-bottom: 25px !important;}&#8221;][vc_column_text]<img loading=\"lazy\" class=\"alignleft wp-image-492 size-full\" src=\"https:\/\/www.protech-balcony.com\/file\/2016\/01\/prodotto4.png\" alt=\"Impermeabilizzazione balconi e terrazze\" width=\"170\" height=\"170\" srcset=\"https:\/\/www.protech-balcony.it\/file\/2016\/01\/prodotto4.png 170w, https:\/\/www.protech-balcony.it\/file\/2016\/01\/prodotto4-150x150.png 150w\" sizes=\"(max-width: 170px) 100vw, 170px\" \/><\/p>\n<h4>RETIRADA DO MATERIAL EXCEDENTE<\/h4>\n<p style=\"overflow: hidden;\">Depois de conclu\u00eddo o trabalho, remover com um pano embebido com diluente a base de nitro poss\u00edveis res\u00edduos e estagna\u00e7\u00f5es de PROTECH BALCONY, que ficaram na superf\u00edcie do piso.<\/p>\n<p>[\/vc_column_text][\/vc_column_inner][\/vc_row_inner][\/vc_column][\/vc_row][vc_row row_type=&#8221;row_full_center_content&#8221;][vc_column width=&#8221;1\/2&#8243;][vc_button title=&#8221;APROFUNDAR O M\u00c9TODO DE APLICA\u00c7\u00c3O&#8221; color=&#8221;custom&#8221; button_custom_color=&#8221;#f2ce00&#8243; size=&#8221;large&#8221; position=&#8221;center&#8221; link=&#8221;url:%2Fmodalidade%2F|||&#8221;][\/vc_column][vc_column width=&#8221;1\/2&#8243;][vc_button title=&#8221;VEJA OS EXEMPLOS DE APLICA\u00c7\u00c3O&#8221; color=&#8221;custom&#8221; button_custom_color=&#8221;#f2ce00&#8243; size=&#8221;large&#8221; position=&#8221;center&#8221; link=&#8221;url:%2Fexemplos%2F|||&#8221;][\/vc_column][\/vc_row]<\/p>","protected":false},"excerpt":{"rendered":"<p>[vc_row row_type=&#8221;row_full_center_content&#8221; margin_top=&#8221;0&#8243; padding_top=&#8221;0&#8243;][vc_column css=&#8221;.vc_custom_1448989235856{padding-right: 15px !important;padding-left: 15px !important;}&#8221;][vc_column_text]Tradicionalmente, o restabelecimento da veda\u00e7\u00e3o imperme\u00e1vel de terra\u00e7os e varandas cria o recurso &#8230;<\/p>\n","protected":false},"author":1,"featured_media":0,"parent":0,"menu_order":0,"comment_status":"closed","ping_status":"closed","template":"","meta":[],"_links":{"self":[{"href":"https:\/\/www.protech-balcony.pt\/rest\/wp\/v2\/pages\/45"}],"collection":[{"href":"https:\/\/www.protech-balcony.pt\/rest\/wp\/v2\/pages"}],"about":[{"href":"https:\/\/www.protech-balcony.pt\/rest\/wp\/v2\/types\/page"}],"author":[{"embeddable":true,"href":"https:\/\/www.protech-balcony.pt\/rest\/wp\/v2\/users\/1"}],"replies":[{"embeddable":true,"href":"https:\/\/www.protech-balcony.pt\/rest\/wp\/v2\/comments?post=45"}],"version-history":[{"count":107,"href":"https:\/\/www.protech-balcony.pt\/rest\/wp\/v2\/pages\/45\/revisions"}],"predecessor-version":[{"id":1446,"href":"https:\/\/www.protech-balcony.pt\/rest\/wp\/v2\/pages\/45\/revisions\/1446"}],"wp:attachment":[{"href":"https:\/\/www.protech-balcony.pt\/rest\/wp\/v2\/media?parent=45"}],"curies":[{"name":"wp","href":"https:\/\/api.w.org\/{rel}","templated":true}]}}

<p>[vc_row row_type=&#8221;row_full_center_content&#8221; margin_top=&#8221;0&#8243; padding_top=&#8221;0&#8243;][vc_column css=&#8221;.vc_custom_1448989235856{padding-right: 15px !important;padding-left: 15px !important;}&#8221;][vc_column_text]Tradicionalmente, o restabelecimento da vedação impermeável de terraços e varandas <strong>cria o recurso a metodologias caras e complexas:</strong></p>
<p><strong>Hipótese A.</strong> Demolição do piso e do reboco existente; retirada da bainha de impermeabilização existente; colocação de uma nova bainha de impermeabilização; renovação do reboco de pendência e instalação de um novo piso.</p>
<p><strong>Hipótese B.</strong> Aplicação de camadas de impermeabilização de revestimento, realizadas com compostos cimento-plásticos integrados com rede em fibra de vidro álcali-resistente e específicas barras elásticas e sucessivo assentamento de um novo piso.</p>
<p><strong>Hipótese C.</strong> Aplicação de bainhas poliméricas sobre superfícies adequadamente lavadas e preparadas. Isto leva a modificação radical do aspecto originário do piso.[/vc_column_text][/vc_column][/vc_row][vc_row row_type=&#8221;row_full_center_content&#8221; bg_image=&#8221;94&#8243; row_parallax=&#8221;false&#8221; padding_top=&#8221;100&#8243; padding_bottom=&#8221;100&#8243;][vc_column][vc_custom_heading text=&#8221;O PROBLEMA<br />
É ÁGUA PASSADA&#8221; font_container=&#8221;tag:h2|font_size:45px|text_align:center|color:%23ffffff|line_height:56px&#8221; use_theme_fonts=&#8221;yes&#8221;][/vc_column][/vc_row][vc_row row_type=&#8221;row_full_center_content&#8221; margin_top=&#8221;0&#8243; padding_top=&#8221;50&#8243;][vc_column][vc_column_text]<strong>PROTECH BALCONY</strong> é uma solução concentrada de resinas silicónicas e poliméricas orgânicas catalisadas, de baixa viscose, veiculadas em solventes apolares que determinam a penetração profunda. O processo descrito se traduz na formação de uma <strong>barreira impermeável interna, difusa, não pelicular, fortemente hidrorrepelente,</strong> capaz de cobrir e vedar porosidades e microfissuras até 1 mm, sem inibir a transpiração. <strong>PROTECH BALCONY</strong> revoluciona o conceito de impermeabilização de terraços e varandas. A sua aplicação é realizável em tempos extremamente rápidos, com a prática ausência de indisponibilidade pois as superfícies tratadas podem ser utilizadas depois de poucas horas. As fases essenciais podem ser resumidas como segue:[/vc_column_text][/vc_column][/vc_row][vc_row row_type=&#8221;row_full_center_content&#8221; margin_top=&#8221;0&#8243; margin_bottom=&#8221;0&#8243; padding_top=&#8221;0&#8243; padding_bottom=&#8221;0&#8243;][vc_column][vc_row_inner css=&#8221;.vc_custom_1452520432176{margin-top: 0px !important;margin-bottom: 0px !important;padding-top: 0px !important;padding-bottom: 0px !important;background-color: #2d4652 !important;}&#8221; el_class=&#8221;prodottiBoxes&#8221;][vc_column_inner el_class=&#8221;quattroPunti&#8221; width=&#8221;1/2&#8243; css=&#8221;.vc_custom_1466005071923{padding-top: 25px !important;padding-bottom: 25px !important;}&#8221;][vc_column_text]<img loading="lazy" class="alignleft wp-image-495 size-full" src="https://www.protech-balcony.com/file/2016/01/prodotto1.png" alt="Impermeabilizzazione balconi e terrazze" width="170" height="170" srcset="https://www.protech-balcony.it/file/2016/01/prodotto1.png 170w, https://www.protech-balcony.it/file/2016/01/prodotto1-150x150.png 150w" sizes="(max-width: 170px) 100vw, 170px" /></p>
<h4>LIMPEZA PROFUNDA DO SUPORTE</h4>
<p style="overflow: hidden;">Diluir o detergente ácido DETERG-A com uma quantidade de água proporcionada na relevância das impurezas e das concretizações presentes na superfície. Derramar a solução sobre a superfície, distribuindo a mesma melhor com um rodo. Aguardar 15 minutos para a reação ácida, espumosa. Lavar com água abundante.</p>
<p>[/vc_column_text][/vc_column_inner][vc_column_inner el_class=&#8221;quattroPunti&#8221; width=&#8221;1/2&#8243; css=&#8221;.vc_custom_1466005076775{padding-top: 25px !important;padding-bottom: 25px !important;}&#8221;][vc_column_text]<img loading="lazy" class="alignleft wp-image-763 size-full" src="https://www.protech-balcony.com/file/2016/01/prodotto2-1.png" alt="Impermeabilizzazione balconi e terrazze" width="170" height="170" /></p>
<h4>CIMENTAÇÃO DAS FUGAS</h4>
<p style="overflow: hidden;">Fissuras e descontinuidade indicadas com a limpeza deverão ser cuidadosamente cobertas com o estuque impermeável especial STUCCO BALCONY, também em correspondência ao rodapé e às soleiras. As possíveis juntas de movimento deverão ser tratadas com PROTECH FLEX, a vedação específica poliuretânica em cartucho extrusivo de elevada elasticidade.</p>
<p>[/vc_column_text][/vc_column_inner][/vc_row_inner][vc_row_inner css=&#8221;.vc_custom_1452520353505{padding-top: 0px !important;padding-bottom: 0px !important;background-color: #2d4652 !important;}&#8221; el_class=&#8221;prodottiBoxes&#8221;][vc_column_inner css=&#8221;.vc_custom_1452520492385{padding-right: 50px !important;padding-left: 50px !important;}&#8221; offset=&#8221;vc_hidden-sm vc_hidden-xs&#8221;][vc_separator color=&#8221;custom&#8221; border_width=&#8221;2&#8243; accent_color=&#8221;#677f8a&#8221;][/vc_column_inner][/vc_row_inner][vc_row_inner css=&#8221;.vc_custom_1452520439801{margin-top: 0px !important;margin-bottom: 0px !important;padding-top: 0px !important;padding-bottom: 0px !important;background-color: #2d4652 !important;}&#8221; el_class=&#8221;prodottiBoxes&#8221;][vc_column_inner el_class=&#8221;quattroPunti&#8221; width=&#8221;1/2&#8243; css=&#8221;.vc_custom_1466005082123{padding-top: 25px !important;padding-bottom: 25px !important;}&#8221;][vc_column_text]<img loading="lazy" class="alignleft wp-image-493 size-full" src="https://www.protech-balcony.com/file/2016/01/prodotto3.png" alt="Impermeabilizzazione balconi e terrazze" width="170" height="170" srcset="https://www.protech-balcony.it/file/2016/01/prodotto3.png 170w, https://www.protech-balcony.it/file/2016/01/prodotto3-150x150.png 150w" sizes="(max-width: 170px) 100vw, 170px" /></p>
<h4>APLICAÇÃO DA SOLUÇÃO DE IMPERMEABILIZAÇÃO</h4>
<p style="overflow: hidden;">Derramar PROTECH BALCONY sobre as áreas a impermeabilizar, espalhando com um rodo, insistindo principalmente nas fugas entre os azulejos e no rodapé. Deixar o produto reagir por ao menos uma hora antes de efetuar a prova de alagamento superficial. As operações descritas deverão ser efetuadas depois do endurecimento das coberturas tratadas no item 2.</p>
<p>[/vc_column_text][/vc_column_inner][vc_column_inner el_class=&#8221;quattroPunti&#8221; width=&#8221;1/2&#8243; css=&#8221;.vc_custom_1466005087638{padding-top: 25px !important;padding-bottom: 25px !important;}&#8221;][vc_column_text]<img loading="lazy" class="alignleft wp-image-492 size-full" src="https://www.protech-balcony.com/file/2016/01/prodotto4.png" alt="Impermeabilizzazione balconi e terrazze" width="170" height="170" srcset="https://www.protech-balcony.it/file/2016/01/prodotto4.png 170w, https://www.protech-balcony.it/file/2016/01/prodotto4-150x150.png 150w" sizes="(max-width: 170px) 100vw, 170px" /></p>
<h4>RETIRADA DO MATERIAL EXCEDENTE</h4>
<p style="overflow: hidden;">Depois de concluído o trabalho, remover com um pano embebido com diluente a base de nitro possíveis resíduos e estagnações de PROTECH BALCONY, que ficaram na superfície do piso.</p>
<p>[/vc_column_text][/vc_column_inner][/vc_row_inner][/vc_column][/vc_row][vc_row row_type=&#8221;row_full_center_content&#8221;][vc_column width=&#8221;1/2&#8243;][vc_button title=&#8221;APROFUNDAR O MÉTODO DE APLICAÇÃO&#8221; color=&#8221;custom&#8221; button_custom_color=&#8221;#f2ce00&#8243; size=&#8221;large&#8221; position=&#8221;center&#8221; link=&#8221;url:%2Fmodalidade%2F|||&#8221;][/vc_column][vc_column width=&#8221;1/2&#8243;][vc_button title=&#8221;VEJA OS EXEMPLOS DE APLICAÇÃO&#8221; color=&#8221;custom&#8221; button_custom_color=&#8221;#f2ce00&#8243; size=&#8221;large&#8221; position=&#8221;center&#8221; link=&#8221;url:%2Fexemplos%2F|||&#8221;][/vc_column][/vc_row]</p>

<p>[vc_row row_type=&#8221;row_full_center_content&#8221; margin_top=&#8221;0&#8243; padding_top=&#8221;0&#8243;][vc_column css=&#8221;.vc_custom_1448989235856{padding-right: 15px !important;padding-left: 15px !important;}&#8221;][vc_column_text]Tradicionalmente, o restabelecimento da vedação impermeável de terraços e varandas cria o recurso &#8230;</p>
